5. Let n = 14 - o. What are the prime factors of n?
3
Suppose 0*x + 2*x = -4*q + 390, 0 = -2*q - 5*x + 175. What are the prime factors of q?
2, 5
Suppose 16*k + 0*k = 3024. List the prime factors of k.
3, 7
Let w(r) = -2*r. Let f be w(2). Let p be 334/(-10) - f/10. What are the prime factors of (0 - p/3) + -1?
2, 5
Suppose 3*r - 114 + 33 = -5*x, 0 = x - 3. List the prime factors of r.
2, 11
Suppose 2*q - 5*y - 6 - 38 = 0, -2*q = -3*y - 40. What are the prime factors of q?
17
Let b(d) = -165*d + 1. What are the prime factors of b(-1)?
2, 83
Suppose -3*l = -3*g + 95 + 91, 0 = 3*l - 12. What are the prime factors of g?
2, 3, 11
Let s be 7 - -2 - (-5 - -4). What are the prime factors of (-4)/s - (-102)/30?
3
What are the prime factors of (-3368)/(-20) + (-10)/25?
2, 3, 7
Suppose -2*k - 20 = 2*k, 2*s - k + 61 = 0. Let n = s - -59. List the prime factors of n.
2, 13
Let o(r) = 63*r + 1. Let g be o(-1). What are the prime factors of g/(-4) - (-2)/(-4)?
3, 5
Let j(m) = -18*m - 3. List the prime factors of j(-2).
3, 11
Let s be 2 + -2 + (4 - 0). Suppose -n + j = -1, s*n = -3*j + j - 2. Suppose m + n*m - 2 = 0. What are the prime factors of m?
2
Suppose t = -2*t + 21. Let q = -5 + t. Suppose -4*g + q*r + 5 = -3*g, 4*g - 31 = -3*r. What are the prime factors of g?
7
Let c(u) = 4 + 0*u + u**2 - 4*u + 2*u. Let f be c(4). Suppose -2*a = 4*n - f, 5*a - 4*n - 30 = n. What are the prime factors of a?
2, 3
Let d(o) = -o + 0*o**2 + 43 + 0*o**3 - o**3 + o**2. List the prime factors of d(0).
43
Suppose 4*h - 4*m - 35 = 1, -36 = -4*h - 5*m. Let z = 13 - h. List the prime factors of z.
2
Let b(h) = 3*h**3 - 8*h**2 + h**3 + 6 + 10*h - 5*h**3. Let o be b(-9). Let a = o + 8. List the prime factors of a.
5
Suppose -2*y + 2 = -0*y. Suppose 4*b = y + 7. List the prime factors of b/(-1) - 9*-1.
7
Suppose 5*b + 0*o = -3*o - 27, 4*b + 25 = o. Let h(a) = -2*a + 19. Let z be h(9). What are the prime factors of (z - -5)*b/(-18)?
2
Let w(j) = -j + 20. Let n(x) = x**3 - 5*x**2 + 4*x. Let a be n(4). Suppose a = 2*g - g. What are the prime factors of w(g)?
2, 5
Let s(v) = 0 + 6*v**2 + v**3 - 1 - 3*v + v. Let q be s(-3). Let z = q + -21. List the prime factors of z.
11
Let k = 14 - -3. Let x = 35 + k. List the prime factors of x.
2, 13
Suppose 0*i + 136 = 2*i + 5*b, i = -5*b + 78. Suppose -k = 4*k + 3*r - i, -19 = -2*k + 3*r. What are the prime factors of k?
11
Suppose -360 = -9*b + 4*b. List the prime factors of b.
2, 3
Let p = 119 - 69. What are the prime factors of p?
2, 5
Let q(u) = 2*u + 9. Let a be q(-8). Let k(f) be the second derivative of f**4/12 + 2*f**3/3 - 4*f**2 + f. What are the prime factors of k(a)?
13
Let f be (2 - (-1 + 0)) + 2. Suppose -l - 41 = -f*l + 3*n, 2*n + 42 = 4*l. What are the prime factors of l?
11
Let a(f) = -f**2 + 7*f - 6. Let x be a(5). Suppose -x*v - 5 = -29. What are the prime factors of v?
2, 3
Let x be 4/(-14) + (-804)/(-21). Let r = -22 + x. What are the prime factors of r?
2
What are the prime factors of 0 - 0 - (-365)/5?
73
Let v(x) = x**2 + 16*x + 51. List the prime factors of v(-18).
3, 29
Let u = -4 - -6. Suppose 2*t + 15 = 5*t. Suppose -5*r + 4 = -3*c, -u*c + 14 = t*r - 0*c. List the prime factors of r.
2
Suppose 7*q = 513 + 159. List the prime factors of q.
2, 3
Let n be 0/(5/(5/2)). Let m be 0 - (n - 2) - -29. Let t = -21 + m. List the prime factors of t.
2, 5
Let x(u) = -u**3 + 5*u**2 + 6*u + 5. Let l be x(6). Suppose 2*t + l + 3 = 0. Let z = t - -9. What are the prime factors of z?
5
Let q(c) = c - 3. Let r be q(-6). Let g(k) = k**3 + 8*k**2 - 11*k - 10. Let m be g(r). Let l = -6 + m. List the prime factors of l.
2
Let b(i) = -i**2 - 6*i - 3. Let p be b(-4). Let z be (-38)/(-209) - (-9)/11. List the prime factors of (2 - -2*p) + z.
13
Let g(w) = -w**3 + 7*w**2 + 2*w - 9. Let j be g(7). Suppose j*d - 2*q = 51, 7*q - 21 = -d + 2*q. Suppose d = 2*t - t. What are the prime factors of t?
11
Let i(d) = -d**2 + 7*d. Let f be i(6). Suppose -f*r + 60 = -2*r. What are the prime factors of r?
3, 5
Let q = -121 + 365. What are the prime factors of q?
2, 61
Suppose -4*b - 5*g = 154, -4*b - g = 82 + 64. Let y = -16 - b. List the prime factors of y.
2, 5
Let k = 238 + -169. What are the prime factors of k?
3, 23
Let p = -121 + 82. Let q = p + 68. What are the prime factors of q?
29
Let c = 45 - 24. List the prime factors of c.
3, 7
Let n = 225 - 119. List the prime factors of n.
2, 53
Let n(j) = 3*j**3 - 2*j**2 + 7*j + 1. What are the prime factors of n(5)?
19
Suppose -3*y = 17 - 68. Suppose -2*v + 3*j + y = 0, 4*v - 5*j + j = 28. List the prime factors of v.
2
Suppose 0*x = 2*x - 50. What are the prime factors of x?
5
Let b = 35 + -20. Suppose o = 4*d - b, -2*d - 3*o - 3 = -0*o. What are the prime factors of d?
3
Let o be 180/(-14)*(-14)/3. Suppose -3*i + 5*b = -o, 57 = 5*i + 4*b - 6. What are the prime factors of i?
3, 5
Let s = 10 + -5. Suppose -2*n + 5*c = 0, -s*c = -3*n - 0*n + 10. List the prime factors of n.
2, 5
Let o = 7 + -27. Let n = -12 - o. What are the prime factors of n?
2
Let l be (-3)/(-15) + (-9)/(-5). Suppose l = 4*s - 18. What are the prime factors of s?
5
Suppose -5*b - a + 216 = 0, 4*b - a = a + 170. What are the prime factors of b?
43
Let a = 317 + -454. What are the prime factors of 6/(-27) + a/(-9)?
3, 5
Let p(t) = 55*t**3 + 3*t - 2. What are the prime factors of p(1)?
2, 7
What are the prime factors of 21/14*(-28)/(-6)?
7
Let z(h) = 42*h**3 + h**2 + 7*h - 10. What are the prime factors of z(2)?
2, 43
Let h = -2 - -4. Suppose 0*a = -h*a - 2*k + 2, 4*k - 4 = 0. Suppose q + 0*n - 8 = 2*n, a = -2*q + 2*n + 18. List the prime factors of q.
2, 5
Suppose -4*a = -3*z + 2 + 13, -13 = -4*z + 3*a. What are the prime factors of z/(4/124) + -1?
2, 3, 5
Let x be (-12)/(-4) + -3 - -3. Suppose -x*y - 5*t = -100, 0*t = 3*y - t - 70. List the prime factors of y.
5
Let z(n) = 48*n**3 + n**2 - 2*n + 1. Let k be z(1). List the prime factors of (-2)/11 + k/22.
2
Suppose h = -5*z - 0*z + 12, -3*z - 5*h + 16 = 0. Suppose -2*o - j = -14, 0 = o - j + 1 - z. Let u(y) = 3*y + 4. What are the prime factors of u(o)?
19
Let j(x) be the third derivative of 49*x**4/24 + x**3/6 - 8*x**2. What are the prime factors of j(1)?
2, 5
Let p(k) be the first derivative of k**4/4 - 13*k**3/3 + 13*k - 5. What are the prime factors of p(13)?
13
Let x = 4 - -4. Suppose 0 = 4*z + 5*p - 15 - x, -z = 4*p - 14. Suppose 14 = 2*o - z*r, 3*r = -2*o + 16 + 3. List the prime factors of o.
2
Let i(q) = 19*q + 21. What are the prime factors of i(5)?
2, 29
Let d(i) = -i**2 + 2*i + 3. Let p be d(-3). Let t = p + 29. What are the prime factors of t?
17
Let k(q) = 4*q**2 - 3*q + 1. What are the prime factors of k(3)?
2, 7
Let u = -12 - -27. Suppose 0*k - u = -3*k. What are the prime factors of k?
5
Let z be 3*((-4)/3 + 0). Let r = z - -14. List the prime factors of r.
2, 5
Let w(r) = 2*r**2 - 4*r + 2. Let i be w(3). Let t = -4 + i. Suppose 0 = -t*c, -4*m + 60 = m + 2*c. What are the prime factors of m?
2, 3
Let c = 22 - 11. Let z = 23 + -24. Let g = z + c. List the prime factors of g.
2, 5
Let l = 188 + -3. What are the prime factors of l?
5, 37
Suppose 2*f + 0*f = 10. Suppose -2*z - 9 - f = 0. Let q = z + 13. What are the prime factors of q?
2, 3
Suppose -2*h = -2*t + 3*h - 4, -2*h = t - 7. Suppose t*a = 5*p + a - 31, 3*p = 4*a + 27. List the prime factors of p.
5
Suppose -6*n + 3*n + 6 = 0. Suppose n*v - 16 = -2*v. List the prime factors of v.
2
Suppose -q - 4*q - 5*a + 175 = 0, -2*q - 4*a = -74. Suppose 4*y = 4*v + 7*y - 48, q = 5*v - 3*y. What are the prime factors of v?
3
Suppose -l - 3*g + 14 = 0, 3*l + g - 14 + 4 = 0. Let f be 0/(l/3*3). Suppose 2*v + 3*v - 70 = f. What are the prime factors of v?
2, 7
List the prime factors of ((-1)/(8/(-20)))/((-2)/(-148)).
5, 37
Suppose 5*t + t - 48 = 0. List the prime factors of (-6)/(-24) - (-134)/t.
17
Let d(z) = -z**2 + 9*z - 5. Let m be d(8). Suppose 2 = 4*v + 5*i - 0, m*i + 6 = 0. List the prime factors of -3 + 0 + v - -14.
2, 7
Let a(o) = -3*o**2 + 13*o - 5. Suppose -4*h - 30 = -8*b + 6*b, h - 53 = -5*b. Let j be a(b). List the prime factors of 4/14 - j/21.
11
Let s(x) be the first derivative of x**2/2 - 4*x - 3. What are the prime factors of s(14)?
2, 5
Suppose -3*a - 53 = -158. Suppose 115 = 5*t - 4*k - k, -t + 5*k = -a. List th